{"id":5050,"date":"2023-11-09T15:54:53","date_gmt":"2023-11-09T14:54:53","guid":{"rendered":"https:\/\/www.booker.rs\/?post_type=product&#038;p=5050"},"modified":"2025-03-16T16:23:44","modified_gmt":"2025-03-16T15:23:44","slug":"enciklopedija-znanje-komplet-1-8","status":"publish","type":"product","link":"https:\/\/www.booker.rs\/index.php\/proizvod\/enciklopedija-znanje-komplet-1-8\/","title":{"rendered":"Enciklopedija Znanje &#8211; Komplet 1-8"},"content":{"rendered":"<h1>Enciklopedija Znanje &#8211; Komplet 1-8<\/h1>\n<h3>Edicija &#8211; ENCIKLOPEDIJA ZNANJE sadr\u017ei 8 naslova i dragocena je za svaku porodi\u010dnu &#8211; ku\u0107nu biblioteku.<\/h3>\n<h4>Naslovi koji ulaze u komplet (svih 8 enciklopedija):<\/h4>\n<ol>\n<li>Ljudsko telo<\/li>\n<li>Umetnost i arhitektura<\/li>\n<li>Istorija sveta<\/li>\n<li>Pronalasci i otkri\u0107a<\/li>\n<li>Svemir<\/li>\n<li>\u017divotinje<\/li>\n<li>Nauka<\/li>\n<li>Na\u0161a planeta Zemlja<\/li>\n<\/ol>\n<p>Enciklopedija Znanje &#8211; Ova Enciklopedija odgovori\u0107e na\u00a0 ova i mnoga druga pitanja za\u0161to i kako. U\u010denje je olak\u0161ano detaljnim \u0161emama i re\u010dnikom komplikovanijih re\u010di. Detaljno ozna\u010deni dijagrami i op\u0161iran re\u010dnik manje poznatih re\u010di, bi\u0107e dodatna pomo\u0107 u otkrivanju novih znanja. A povrh svega, tu je i mno\u0161tvo &#8211; Zar nije \u010dudesno &#8211; zanimljivih \u010dinjenica, koje prosto pozivaju da saznate jo\u0161 po ne\u0161to.<\/p>\n<p>Edicija je namenjena za sve one koji su \u017eeljni obrazovanja putem sa\u017eetog, bogatog i korisnog sadr\u017eaja &#8211; ispunjen velikim brojem informacija i zanimljivosti.<\/p>\n<p>Enciklopedije su proizvedene na na\u010din da, uz pomo\u0107 roditelja, deca mogu pratiti, razumeti i savladati tematiku i pojmove &#8211; (svaka knjiga sadr\u017ei re\u010dnik manje poznatih pojmova i pisane su nekomplikovanim re\u010dnikom).<\/p>\n<p>&nbsp;<\/p>\n<p>Pojedina\u010dna izdanja, mo\u017eete pogledati, <a href=\"https:\/\/www.booker.rs\/index.php\/kategorija-proizvoda\/enciklopedije-znanje\/\" target=\"_blank\" rel=\"noopener\">ovde.<\/a><\/p>\n","protected":false},"excerpt":{"rendered":"<ul>\n<li>Tvrd povez<\/li>\n<li>Latinica<\/li>\n<li>200 str.<\/li>\n<\/ul>\n","protected":false},"featured_media":5034,"template":"","meta":[],"product_brand":[],"product_cat":[395,67,40],"product_tag":[398,396,113,115,91,406,403,105,400,60,405,401,397],"class_list":{"0":"post-5050","1":"product","2":"type-product","3":"status-publish","4":"has-post-thumbnail","6":"product_cat-enciklopedije-znanje","7":"product_cat-kompleti","8":"product_cat-svi-proizvodi","9":"product_tag-arhitektura","10":"product_tag-edicija","11":"product_tag-enciklopedija","12":"product_tag-istorija-sveta","13":"product_tag-komplet","14":"product_tag-ludsko-telo","15":"product_tag-nauka","16":"product_tag-otkrica","17":"product_tag-svemir","18":"product_tag-umetnost","19":"product_tag-zemlja","20":"product_tag-zivotinje","21":"product_tag-znanje","23":"first","24":"instock","25":"sale","26":"virtual","27":"purchasable","28":"product-type-simple"},"aioseo_notices":[],"jetpack_sharing_enabled":true,"_links":{"self":[{"href":"https:\/\/www.booker.rs\/index.php\/wp-json\/wp\/v2\/product\/5050","targetHints":{"allow":["GET"]}}],"collection":[{"href":"https:\/\/www.booker.rs\/index.php\/wp-json\/wp\/v2\/product"}],"about":[{"href":"https:\/\/www.booker.rs\/index.php\/wp-json\/wp\/v2\/types\/product"}],"wp:featuredmedia":[{"embeddable":true,"href":"https:\/\/www.booker.rs\/index.php\/wp-json\/wp\/v2\/media\/5034"}],"wp:attachment":[{"href":"https:\/\/www.booker.rs\/index.php\/wp-json\/wp\/v2\/media?parent=5050"}],"wp:term":[{"taxonomy":"product_brand","embeddable":true,"href":"https:\/\/www.booker.rs\/index.php\/wp-json\/wp\/v2\/product_brand?post=5050"},{"taxonomy":"product_cat","embeddable":true,"href":"https:\/\/www.booker.rs\/index.php\/wp-json\/wp\/v2\/product_cat?post=5050"},{"taxonomy":"product_tag","embeddable":true,"href":"https:\/\/www.booker.rs\/index.php\/wp-json\/wp\/v2\/product_tag?post=5050"}],"curies":[{"name":"wp","href":"https:\/\/api.w.org\/{rel}","templated":true}]}}